d(m) = 2*m - 2. Suppose -i + g + 21 = 0, -2*i = 3*i - 4*g - 101. Suppose -5*t + 52 = i. What is the tens digit of d(t)?
1
Let s(m) = 3*m**3 + m**2 + m + 30. Let o be s(-5). What is the tens digit of (12/14)/(39/273) - o?
3
Suppose -832 = 7*p - 2568. Let i = p - 194. What is the tens digit of i?
5
Let d be (-44)/(-24) - (-3)/18. Suppose -134 = -3*o + d*o. Let n = -74 + o. What is the tens digit of n?
6
Let d = -5297 + 8660. Suppose 294 - d = -9*v. What is the hundreds digit of v?
3
Let i(n) = n**2 + 17*n + 5. Let u be i(-10). Suppose -3*q + 280 = -2. Let x = q + u. What is the units digit of x?
9
Let o be (-1 + 3)*2 - (-6)/3. Let t be (-1)/o*-2*-381. Let x = t - -341. What is the hundreds digit of x?
2
Let l(w) = 10872*w - 785. What is the tens digit of l(2)?
5
Let j = 17 - 12. Suppose j*u = 0, -3*v + 420 = -2*u - 459. Suppose 226 + 266 = 5*y - 3*l, 3*y = 4*l + v. What is the units digit of y?
9
Let p(o) = 8*o**2 - 81*o + 1558. What is the hundreds digit of p(17)?
4
Suppose u - 5*f = -354 + 3741, 2*u + 4*f = 6746. Suppose -18*c + 6181 = -u. What is the units digit of c?
1
Let n be ((2 + -3)*1)/(5/(-240)). Let a = -71 + n. Let r = 36 + a. What is the units digit of r?
3
Let s = 56 + -40. Suppose 2*a = 7*m - 4*m + 79, -5*a = 2*m + 78. Let d = s - m. What is the tens digit of d?
4
Let c be (0 - -1)/((-30)/12 + 3). Let g(y) = c - 4*y + 14*y - 2 + 3. What is the units digit of g(5)?
3
Let v(q) = q**2 - 21*q + 24. Let z be v(20). Suppose -z*a + 694 = -a - 2*n, -1156 = -5*a + 3*n. What is the tens digit of a?
3
Let x(t) = -2*t**3 + 15*t**2 - t - 60. Let q(o) = -3*o**3 + 23*o**2 - o - 90. Let y(w) = 5*q(w) - 8*x(w). What is the units digit of y(9)?
1
Let n(a) = 1659*a**3 + 5*a**2 - 10*a - 8. What is the hundreds digit of n(2)?
2
What is the hundreds digit of ((-12)/(-10)*155/248)/(9/90696)?
5
What is the tens digit of -11 - 17/(119/(-103691))?
0
Let g = -253 + 69. Suppose -79 = -5*b + 1296. Let m = g + b. What is the tens digit of m?
9
Let l = -33 + 43. Suppose 4*b = -l - 10. What is the units digit of b/((-10)/12) - -4?
0
Let g = -167 + 338. Suppose -6*t - g = -9*t. What is the tens digit of t?
5
Let v(u) = -2*u**2 + 14*u - 40. Let f be v(9). Let y = 424 + f. What is the tens digit of y?
4
Let q = 3240 + -1512. Let t = 3691 - q. What is the hundreds digit of t?
9
What is the ten thousands digit of (((-8591)/(-55))/(-11) - 4)*-565?
1
Suppose -a + 4*a = 2*n + 4, 3*a + 4*n = -8. Let m = 225 + -216. Suppose a = -m*o + 5*o + 680. What is the tens digit of o?
7
What is the thousands digit of (-2)/16*2 + 870816/128 + 5?
6
Suppose 39 = -p - 2*p. Let h(c) = -44*c - 7. Let j be h(-6). Let v = p + j. What is the hundreds digit of v?
2
Let q be ((-20)/(-6))/(4/6). Let x be (-297)/(q/(40/(-12))). Suppose 0 = 2*t + 2*g - x, 63 = t + 3*g - 44. What is the tens digit of t?
9
Let f = 6941 + 3810. What is the tens digit of f?
5
Let v be -2*(2/6*3)/1. What is the tens digit of (-2)/v*6/(-18)*-183?
6
Suppose -16*n = -19*n + 4*t + 4632, 4*n = 5*t + 6176. What is the units digit of n?
4
Let r(b) = 5*b**2 - 6*b - 3. Let u be r(2). Suppose u*c - 5*s - 3041 = -2*s, 15 = 5*s. What is the units digit of c?
0
Let r(q) = 22*q**3 + 13*q - 7*q**3 - 14*q**3 - 14*q**2. Let l be r(13). What is the tens digit of 1/(-1 + l)*-58?
5
Suppose 0 = 276*t - 2134028 - 133588. What is the hundreds digit of t?
2
Let i(k) = 1636*k**2 + 100*k + 319. What is the thousands digit of i(-3)?
4
Let g(h) be the third derivative of 0*h - 1/15*h**5 - 1/8*h**4 - 1/120*h**6 + h**3 + 0 + 3*h**2. What is the tens digit of g(-6)?
9
Let a(z) = 5054*z**2 + 22*z + 3. What is the thousands digit of a(-1)?
5
Let g = -71 + 121. Let m = 53 - g. Suppose -3*v - 159 = -m*f, v - 30 = -f + 21. What is the tens digit of f?
5
Let r = 11 - 13. Suppose z + 4*z = 20, 4*f - z = 388. What is the tens digit of f + 1 - r - (1 + 3)?
9
Suppose 0 = 9*g + 1596 - 471. What is the units digit of (154/5)/((-5)/g)?
0
Let a(t) = 456*t**2 - 244*t - 2666. What is the units digit of a(-11)?
4
Suppose 3*w = 2*l - 43499, -1051*w + 1047*w = 28. What is the thousands digit of l?
1
Suppose -v + 2 = -3. Suppose 4*c + 116 = 4*a, 0*c = v*c + 4*a + 100. What is the units digit of (-3)/4 - 882/c?
6
Let c be (-6)/27 - (-280)/45. What is the hundreds digit of 4270/c - 11*10/165?
7
Let a(i) = 443*i**2 - 442*i - 26. What is the thousands digit of a(-11)?
8
Let y(p) = p**3 + p**2 - 13*p + 5. Let i be y(5). Suppose i*r - 800 = 86*r. Suppose 5*s - 110 = r. What is the units digit of s?
2
Let q = 198 + -71. Suppose -132*y - 650 = -q*y. Let p = -79 - y. What is the tens digit of p?
5
Let c(i) = -35*i**3 - 35*i**2 - 40*i - 218. What is the units digit of c(-8)?
2
What is the ten thousands digit of (-1)/(-86)*4 + 1106223868/32852?
3
Suppose 3*i + 44 = 8. Let p be ((-220)/6)/(4/i). Suppose 2*g - p = -g + 2*n, 0 = -5*g + n + 188. What is the units digit of g?
8
Let d(p) = 2*p**2 - 7*p + 6. Suppose -q - 24 = -9. Let m be (-45)/q - (-1)/(1 - 0). What is the units digit of d(m)?
0
Let s(l) = 2947*l**2 - 41*l + 118. What is the hundreds digit of s(3)?
5
Let g = -1979 - -4051. Suppose 49*d - 57*d = -g. What is the units digit of d?
9
Let w(f) = f**2 + 8*f + 15. Let q be ((-20)/12*(-7 + 1))/(-2). Let x be w(q). Suppose 10*g - 5*g - 425 = x. What is the tens digit of g?
8
Suppose 2*k - 44 = -3*s + 42, -188 = -4*k + 2*s. Let l = k - -247. Suppose -12*m + l + 403 = 0. What is the tens digit of m?
5
Suppose 648810 = a + 293*a - 24*a. What is the thousands digit of a?
2
Suppose -1 = -6*s + 11. Let q = -329 - -760. Suppose s*d - 3*d + 107 = -z, 4*d - z = q. What is the units digit of d?
8
What is the tens digit of (284/(-28) - 40/(-35)) + 9226?
1
Let d = 3486 + -3485. Let m be (0 - 2) + (-4)/(-2). What is the units digit of (-3 + 272 + m)*d?
9
Let i be (-6)/12 - (-8548)/(-8). Let y = -593 - i. What is the tens digit of y?
7
Let r = 97855 + -54025. Suppose r = 5*l + 25*l. What is the thousands digit of l?
1
Let w = 127 + -127. Suppose p - 923 = -3*f, -5*f + 3*p + 0*p + 1543 = w. What is the hundreds digit of f?
3
Suppose 0*f - 5*v = 4*f - 10, 10 = -2*f + 5*v. Let a be -3 + (0/(-3))/(-4) - f. What is the tens digit of 1 + a/(-3) - (-40 - 3)?
4
Suppose 48*k - 48478 = 120482. What is the hundreds digit of k?
5
Let l = -14 + 1146. Suppose -2*v = -6*v + l. Suppose -f + 2*f + v = 5*q, 0 = 3*q - 4*f - 163. What is the units digit of q?
7
Suppose -7*b - 56 = b. Let g be (-2)/b - 22748/(-154). Suppose -4*t + 268 = k, g = 4*t - 2*t + 4*k. What is the units digit of t?
6
Suppose 0 = -17*t + 2*t + 165. Suppose 10*k - t*k + 136 = 0. What is the tens digit of k?
3
Suppose -30*i + 47251 = 38611. What is the units digit of i?
8
Let i(p) = 8*p**3 - 64*p**2 - 227*p + 42. What is the tens digit of i(23)?
0
Let i(f) = 3*f + 20. Suppose 5*x + 30 = -3*b, -3*x - b = -0*b + 18. Let y be i(x). Let d(q) = 11*q**2 - 4*q + 3. What is the tens digit of d(y)?
3
Let t(d) = -15*d**2 + d + 11. Let f be t(0). Let i(x) = -x**3 + 12*x**2 + 17*x - 37. What is the units digit of i(f)?
1
Let h(r) = -16*r + 9. Let f be h(-32). What is the units digit of (f - 48) + 1 + -5?
9
Let y = -19032 - -29998. What is the tens digit of y?
6
Suppose 17*m - 124 = 216. Suppose 0 = -m*z + 12*z + 5440. What is the tens digit of z?
8
What is the hundreds digit of ((-4)/16 + 13543/(-580))*-280?
6
Let s = -157 + 161. Suppose s*v - 1394 = -3*y, v - y = -114 + 466. What is the units digit of v?
0
Let o = 81825 - 58104. What is the ten thousands digit of o?
2
Suppose 4*t = 5 + 7. Suppose -t*f = 8*f + 187. Let k = f - -31. What is the units digit of k?
4
Suppose 4*q + 12 = 0, m - 8 = 3*q + 1. Let c be (-3)/(-12) - (-223)/4. Suppose m = 8*g + c - 408. What is the units digit of g?
4
What is the tens digit of 2/28 + 1118/(-364) - -3497?
9
Suppose -f = -5*s + 4714, -8*s + 12*s - 3752 = -4*f. Let b = s + -339. What is the tens digit of b?
0
Let c = -39 - -44. Let a be 2 + (-18)/c - (-38)/(-95). What is the units digit of (0 - a - 2) + 138/1?
8
Let b(g) = 3*g**2 - 7*g - 5. Let u be b(4). Let v be 60*3/(u/8). Suppose 414 = 4*p - 3*i, 2*p - 3*i + v = 3*p. What is the tens digit of p?
0
Let s(a) = -a**3 - 16*a**2 - 25*a - 48. Let r = -93 + 77. What is the tens digit of s(r)?
5
Let p(u) = -160*u - 185. Let r be p(-6). Let s = r - 477. What is the